t of v?
3
Suppose 0 = -3*u - u + 404. Suppose u = b - 0*b. What is the tens digit of b?
0
Let p(g) = -4*g - 2. Let r be p(-4). Let o be (-4)/r + 1098/21. Suppose 5*u - 4*z - 166 = 0, -2*u - z = z - o. What is the units digit of u?
0
Suppose z - 5*z + 2*t = -1494, 3*z - 1115 = -4*t. What is the units digit of z?
3
Let l(d) = d. Let p(o) = 2*o. Let i(g) = 7*l(g) - 4*p(g). Let q be i(-3). What is the units digit of (-59 + (4 - q))/(-2)?
9
Let x(y) = -y**3 - 7*y**2 + 20*y + 20. Let t be x(-9). Suppose 0 = t*b - 5*h - 178, -119 = -b - 8*h + 3*h. What is the units digit of b?
9
Let n(y) = -47*y + 2. Let c be n(-1). Let m = 88 - c. What is the tens digit of m?
3
Suppose 2*y = 4*p - 30, p - 4 - 11 = 3*y. Let f be p/(-4) - 121/(-2). Let v = -36 + f. What is the units digit of v?
3
Suppose 5*t + 2*t = -252. Let v be (-234)/t - 2/4. Suppose 8*i = v*i + 8. What is the units digit of i?
4
Let w = -29 - -87. Suppose w*q = 55*q + 279. What is the units digit of q?
3
Suppose -79 = -5*r + 3*s, -2*r - 3*s = 2*r - 74. Let q be r/5 - 8/20. Suppose -2*h + 3*w = 2*h - 228, 5*w + 182 = q*h. What is the tens digit of h?
5
What is the tens digit of ((-66)/(-12))/((-622)/156 + 4)?
2
Let r = -5 + -5. Let p be 44/7 + r/35. Let m = 13 - p. What is the units digit of m?
7
Let p = 4351 - 2986. What is the units digit of p?
5
Let x = 11 - 9. Suppose 0 = 5*n - x*f - 14, 0*n + 3*n = 4*f + 14. Suppose n*a + 9 = 29. What is the units digit of a?
0
Let h(d) = d - 6. Let s(p) = -p**2 + 14*p - 18. Let o be s(12). Let w = 1 + o. What is the units digit of h(w)?
1
Let p = 28 - 37. What is the units digit of -4*p/12 - -129 - 2?
0
Suppose 4*r + 3*d - 139 = 2*r, -277 = -4*r - 5*d. Suppose -247 = -5*q + r. What is the units digit of q?
3
Suppose 8*l = 5*l - 216. What is the units digit of (-2)/(-12) + (-2292)/l?
2
Suppose -4*f + 5*f = 48. What is the units digit of (81/6)/(18/f)?
6
Let b = 120 - 117. What is the units digit of b?
3
Let m be (1 + 76/6)*-12. Let h be 1 - (m + (-4 - -4)). Suppose h = -t + 6*t. What is the tens digit of t?
3
Suppose 3 - 6 = z, 16 = b + 3*z. Suppose -35*r + 37*r = 5*y + 44, 0 = -3*r - 2*y + 66. Let n = b - r. What is the units digit of n?
3
Let d be (-2 + 3)/(2/454)*1. Suppose -4*l + d + 493 = 0. What is the units digit of l?
0
Suppose v = 6 + 14. Suppose 0 = -11*q + 7*q + v. Suppose 0 = q*j - 325 + 90. What is the tens digit of j?
4
Suppose -2*g - 12 = -5*g. Suppose 0 = s + 32 - 42. Suppose -2*w + s = 0, -g*n + 6 + 33 = -w. What is the tens digit of n?
1
Let g = 11 + -6. Let x(t) = -t**3 - t**2 + 5*t. Let f be x(-3). Suppose -m = -w - 22, -g*m - f*w + 80 - 10 = 0. What is the tens digit of m?
1
Let r(t) = t**2 + 9*t + 11. Let o be r(-8). Suppose 3*c - 438 = -o*c. What is the tens digit of c?
7
Let t = 0 + 3. Let p(g) = -7*g + 4. Let z(c) = c + 1. Let l(h) = -p(h) - 3*z(h). What is the units digit of l(t)?
5
Suppose -c + 0*c = 2, -5*c - 280 = 5*h. What is the tens digit of (h/8)/((27/8)/(-9))?
1
Let m(g) = g**3 - 6*g + 3. Let p(s) = -s**3 + 5*s - 2. Let t(l) = -3*m(l) - 4*p(l). Let a be t(2). What is the units digit of 2*(a - 4) - -41?
9
Let v(k) be the second derivative of -k**5/20 + 2*k**4/3 + 9*k**2 - 10*k. Let z be v(8). What is the units digit of 554/z - 8/(-36)?
1
Let v = -27 + 30. Suppose v*q - 11 = -4*f, -f - 7*q + 2*q + 7 = 0. Suppose -2*a = f*s - 10, -4*a = 3*s - 4 - 9. What is the units digit of s?
7
Suppose -q = -0*q - 1. Let n = -265 - -254. What is the units digit of ((-3)/q)/(3/n)?
1
Suppose 3*z = 1621 - 13. Suppose -z = -6*t + 448. What is the hundreds digit of t?
1
Suppose 622 = 3*y - 2*f, -2*f + 322 = -5*y + 1364. Let p = y + -63. What is the units digit of p?
7
Suppose 26*b - 47549 - 23691 = 0. What is the units digit of b?
0
Suppose 0*r = 2*r + p + 8, -2*p = r - 2. Let j be ((-32)/(-10))/(r/(-15)). Suppose -4*v + j*v = 44. What is the units digit of v?
1
Let m be 175/(-20) - (-3)/(-12). Let h = m + 3. Let s(v) = v**3 + 8*v**2 + 7*v - 6. What is the tens digit of s(h)?
2
Let t = -5 + 14. Suppose v - 5*w + 8 = 13, 0 = -4*v + w + 20. Suppose -t*a + 80 = -v*a. What is the units digit of a?
0
Suppose -421*i + 410*i + 45331 = 0. What is the units digit of i?
1
Suppose -6 = -u + 3*z - 20, -4*u - z = 4. What is the tens digit of ((-2)/(12/(-6)))/(u/(-218))?
0
What is the tens digit of (-448)/(-160)*130/4?
9
Suppose 5*n = -2*w - 51, 2*w + 6 = -n + 3*w. What is the units digit of 214/6 + (30/n)/5?
5
Let u be 314/5*(-20)/(-16)*2. Let r = 76 + u. What is the tens digit of r?
3
Suppose 2*t - 10 = 0, 4*a - 5*a + 41 = 4*t. Let q(s) = -s**2 + 27*s + 20. What is the tens digit of q(a)?
4
Suppose 1291 = -4*a - 5*t + 6461, 4 = 2*t. What is the thousands digit of a?
1
Let q(c) = -3*c + 18. Let m = -26 + 16. What is the tens digit of q(m)?
4
Let t(f) = 2*f - 2. Suppose -32 - 2 = -3*o + 5*u, 5*o + 5*u - 30 = 0. Suppose 0 = -4*q - o, 6*j - 3*q = 3*j + 36. What is the units digit of t(j)?
8
Let b(g) = 24*g**2 + 18*g + 41. What is the thousands digit of b(-13)?
3
Let v = -5 - -5. Suppose 5*m - 2*m - r - 7 = v, r = -m + 9. Suppose -3*u + 109 = -m*a, -3*u - 2*a - 2*a = -149. What is the tens digit of u?
4
Let z(j) = 2*j - 5*j + 7*j - 4 + 13*j**3 - 3*j**2. What is the units digit of z(2)?
6
Let r = 13 + -5. Suppose -20 - 88 = -4*j. What is the units digit of 1221/j - r/36?
5
Let w = 117 + -181. Let d = 318 + w. What is the units digit of d?
4
Suppose -3*l - 7 = 4*s, -3*l + 0*l = 5*s + 11. Let r = -8 - -11. Suppose r*z - 84 = -l*z. What is the units digit of z?
4
Let r be 1 - (0 + 3 + -2). Suppose 0 = -5*n - r*n + 320. What is the tens digit of n?
6
Let p = 22 + -20. Let v be p*(21/2)/(-3). Let m(y) = y**2 - 2*y - 12. What is the tens digit of m(v)?
5
What is the hundreds digit of (1734 - (-7 + 16)) + 3/(-1)?
7
Let y(f) = 4*f**2 - 7*f + 27. What is the units digit of y(5)?
2
Suppose -13*v = -11*v - 936. Suppose 4*s + v = 4*d, -d - d + 5*s = -240. What is the units digit of d?
5
Let x be ((-2)/3)/(18/(-54)). Suppose -3*v - 4*d + 551 = -0*v, -x*v + 372 = 5*d. What is the units digit of v?
1
Let z be 22/4*(3 - 9). Let u = -279 - z. What is the units digit of 2/(-6) - u/9?
7
Suppose 22 = n - 20. Suppose 0 = 2*q - 5*q + n. Let s = 23 - q. What is the units digit of s?
9
Let d(q) = 4*q**2 - 3*q + 2. Let k be d(-4). Let m be (-12 + (-3)/3)/(-1). What is the units digit of 12/k + 24/m?
2
Let c(o) = 3*o**2 - o + 1. Let x be c(-5). Let s be 66/(-12) + 4 - (-5)/(-2). What is the units digit of (s/(-3))/(18/x)?
6
Suppose -17*a - 2544 = -4*l - 14*a, 0 = -2*a. What is the hundreds digit of l?
6
Suppose -19 = -5*a + a - 3*b, 3*b = 3*a - 30. Let c = a - 10. What is the units digit of 30/8 - c/12?
4
Suppose -2*q + 44 = 16. Suppose 0 = 4*t + j - 13, -q = -2*t - 0*j + 2*j. Suppose -f = -2*f + t. What is the units digit of f?
4
Suppose -219*y + 201 = -216*y. Let v = -47 + y. What is the tens digit of v?
2
Suppose -10*m + 11*m + 2 = 0. What is the units digit of m/8 + ((-1524)/(-16) - -2)?
7
Suppose 2*v + 0*v = 30. What is the units digit of 1848/v + (-8)/(-10)?
4
Suppose 0 = 467*q - 454*q - 5785. What is the tens digit of q?
4
Suppose -5*j = -129 - 146. Suppose 2*n - j = -3*n. What is the units digit of n?
1
Let s(k) be the first derivative of 11*k**2/2 - 15*k + 2. What is the tens digit of s(7)?
6
Let i be (-4 + 9)*(-2)/(-10). Suppose -4*x = 3*b, 5*x = 2*b - 6*b + i. Suppose 0 = 3*m - 9, v - 4*m + 168 = b*v. What is the tens digit of v?
5
Suppose -26*l = -31*l - 40. What is the tens digit of 13041/84 - (-2)/l?
5
Suppose 9*i = 3*i. Suppose i = l - 3*u - 116, -4*l + 396 = 7*u - 2*u. What is the units digit of l?
4
Suppose 18*q = 16*q - 4. What is the units digit of (66 - q) + (-5 - -6)?
9
What is the tens digit of (-9810)/(-40) - (2 + 14/(-8))?
4
What is the tens digit of 15/(-6)*(0/1 + -4)?
1
Let w(v) = -108*v**3 + v**2 + 2*v + 1. Let c be w(-1). Suppose 21*j - c = 19*j. What is the tens digit of j?
5
Let q(j) = -94*j - 7. Let p be q(-4). Suppose 0 = h + 8*h - p. What is the units digit of h?
1
Let s be (-26)/(-5)*(-10)/(-4). Suppose -5*k = -s - 7. Suppose -l + 15 = k. What is the tens digit of l?
1
Let p(u) = -u - 12. Let j be p(-17). Let z = j + -8. What is the units digit of (z + -2 + 6)*26?
6
Let g be ((-27)/(-15))/(-9) + 121/5. Suppose 0 = g*h - 10*h - 322. What is the units di